 the millions digit of 9469610?
9
What is the hundreds digit of 582302041?
0
What is the hundreds digit of 1357936759?
7
What is the millions digit of 34781376?
4
What is the millions digit of 82118168?
2
What is the hundred millions digit of 1093158372?
0
What is the hundred thousands digit of 122355254?
3
What is the units digit of 1196912433?
3
What is the hundred thousands digit of 333025796?
0
What is the hundred millions digit of 124706044?
1
What is the tens digit of 629170294?
9
What is the ten millions digit of 5729022072?
2
What is the ten millions digit of 242179764?
4
What is the units digit of 27527244?
4
What is the hundreds digit of 157742170?
1
What is the millions digit of 2983191?
2
What is the hundreds digit of 118708385?
3
What is the tens digit of 48393087?
8
What is the hundred thousands digit of 306822124?
8
What is the hundred thousands digit of 3307629255?
6
What is the hundreds digit of 478776400?
4
What is the hundreds digit of 3621000639?
6
What is the millions digit of 1401226465?
1
What is the units digit of 334298251?
1
What is the thousands digit of 10993161?
3
What is the ten millions digit of 134169722?
3
What is the millions digit of 997803277?
7
What is the ten millions digit of 254829128?
5
What is the units digit of 251567756?
6
What is the tens digit of 583166933?
3
What is the hundred thousands digit of 43024889?
0
What is the thousands digit of 1279718495?
8
What is the hundreds digit of 194428224?
2
What is the ten thousands digit of 102106127?
0
What is the tens digit of 138001383?
8
What is the millions digit of 14397292?
4
What is the millions digit of 21608214?
1
What is the tens digit of 223012840?
4
What is the millions digit of 72855371?
2
What is the thousands digit of 87973807?
3
What is the millions digit of 727196458?
7
What is the hundreds digit of 213445759?
7
What is the hundred thousands digit of 53751899?
7
What is the tens digit of 6767917130?
3
What is the hundred millions digit of 325703071?
3
What is the units digit of 181269437?
7
What is the hundred millions digit of 2484659287?
4
What is the ten millions digit of 55184167?
5
What is the tens digit of 9151967?
6
What is the units digit of 29017047?
7
What is the thousands digit of 414939195?
9
What is the thousands digit of 8794781?
4
What is the thousands digit of 696529528?
9
What is the hundred millions digit of 3579220757?
5
What is the hundreds digit of 77869222?
2
What is the hundred thousands digit of 58978505?
9
What is the hundreds digit of 807503246?
2
What is the hundred millions digit of 1598740427?
5
What is the hundred millions digit of 577897176?
5
What is the millions digit of 199174604?
9
What is the tens digit of 259805588?
8
What is the ten thousands digit of 464938690?
3
What is the hundreds digit of 161714575?
5
What is the tens digit of 400849784?
8
What is the hundred millions digit of 257953145?
2
What is the millions digit of 12092420?
2
What is the units digit of 70645705?
5
What is the hundreds digit of 162443769?
7
What is the ten thousands digit of 639775265?
7
What is the millions digit of 112523463?
2
What is the ten millions digit of 242397795?
4
What is the hundred millions digit of 5115029598?
1
What is the thousands digit of 1527235740?
5
What is the tens digit of 71949578?
7
What is the ten thousands digit of 86022497?
2
What is the thousands digit of 889592543?
2
What is the ten thousands digit of 2479859554?
5
What is the units digit of 2763395392?
2
What is the hundred millions digit of 2781131182?
7
What is the units digit of 314037793?
3
What is the tens digit of 491160625?
2
What is the hundreds digit of 12798890?
8
What is the tens digit of 52634357?
5
What is the hundreds digit of 1065654958?
9
What is the tens digit of 176229988?
8
What is the billions digit of 3886069026?
3
What is the millions digit of 825868915?
5
What is the ten millions digit of 80705618?
8
What is the ten millions digit of 819042056?
1
What is the hundreds digit of 412672073?
0
What is the ten thousands digit of 65427071?
2
What is the billions digit of 2475005377?
2
What is the hundred millions digit of 1471884145?
4
What is the hundreds digit of 518967799?
7
What is the hundreds digit of 23278305?
3
What is the ten millions digit of 70206803?
7
What is the hundred thousands digit of 5644297220?
2
What is the hundred thousands digit of 27584024?
5
What is the tens digit of 3189127009?
0
What is the ten thousands digit of 339937982?
3
What is the thousands digit of 29383535?
3
What is the thousands digit of 35591955?
1
What is the units digit of 4888304490?
0
What is the thousands digit of 5632645?
2
What is the millions digit of 63096370?
3
What is the thousands digit of 72729921?
9
What is the thousands digit of 338743507?
3
What is the ten thousands digit of 47640749?
4
What is the hundred thousands digit of 43940170?
9
What is the thousands digit of 2369717570?
7
What is the thousands digit of 3651147636?
7
What is the hundreds digit of 122874462?
4
What is the ten thousands digit of 412301988?
0
What is the billions digit of 6163277044?
6
What is the tens digit of 2604071661?
6
What is the hundreds digit of 438580820?
8
What is the millions digit of 75803203?
5
What is the ten millions digit of 23270741?
2
What is the hundred thousands digit of 2287997667?
9
What is the ten millions digit of 610190860?
1
What is the hundred thousands digit of 1191596675?
5
What is the tens digit of 42853974?
7
What is the hundreds digit of 1184333215?
2
What is the millions digit of 96217265?
6
What is the ten thousands digit of 1750961365?
6
What is the units digit of 215804727?
7
What is the hundreds digit of 921997654?
6
What is the thousands digit of 559951789?
1
What is the hundred thousands digit of 11797083?
7
What is the hundred millions digit of 239740737?
2
What is the ten millions digit of 72761458?
7
What is the thousands digit of 30542366?
2
What is the hundred millions digit of 998789531?
9
What is the millions digit of 276729115?
6
What is the hundred thousands digit of 1053055100?
0
What is the millions digit of 212519885?
2
What is the hundred thousands digit of 48766391?
7
What is the ten millions digit of 219473187?
1
What is the units digit of 1657366603?
3
What is the ten thousands digit of 155087903?
8
What is the units digit of 189134116?
6
What is the thousands digit of 30844101?
4
What is the hundreds digit of 13479124?
1
What is the tens digit of 43992892?
9
What is the ten millions digit of 1641225912?
4
What is the tens digit of 13136206?
0
What is the tens digit of 12996657?
5
What is the hundred thousands digit of 5082291026?
2
What is the ten thousands digit of 182233037?
3
What is the ten thousands digit of 205231799?
3
What is the tens digit of 55966360?
6
What is the ten thousands digit of 19840056?
4
What is the units digit of 166587816?
6
What is the hundred millions digit of 1397553450?
3
What is the tens digit of 422630802?
0
What is the hundred thousands digit of 16797193?
7
What is the units digit of 197187156?
6
What is the units digit of 59004879?
9
What is the ten millions digit of 1345576041?
4
What is the hundred thousands digit of 50514626?
5
What is the hundred millions digit of 590915675?
5
What is the millions digit of 116132151?
6
What is the ten millions digit of 313302606?
1
What is the hundreds digit of 856634?
6
What is the hundred millions digit of 744890502?
7
What is the billions digit of 1036759086?
1
What is the hundreds digit of 4902661974?
9
What is the ten millions digit of 227160024?
2
What is the hundreds digit of 177580275?
2
What is the hundred millions digit of 424088791?
4
What is the thousands digit of 129578852?
8
What is the hundreds digit of 49368170?
1
What is the hundreds digit of 1097550639?
6
What is the ten thousands digit of 144395941?
9
What is the hundred thousands digit of 36489062?
4
What is the ten thousands digit of 1637915758?
1
What is the hundred thousands digit of 54022110?
0
What is the units digit of 361511509?
9
What is the hundreds digit of 357679000?
0
What is the tens digit of 151350531?
3
What is the hundreds digit of 3652857?
8
What is the millions digit of 63576490?
3
What is the hundred millions digit of 184288407?
1
What is